{"id":1144,"date":"2026-04-07T15:43:33","date_gmt":"2026-04-07T15:43:33","guid":{"rendered":"https:\/\/www.secretariaprivada.gob.gt\/?post_type=agenda-territorial&#038;p=1144"},"modified":"2026-04-07T15:43:33","modified_gmt":"2026-04-07T15:43:33","slug":"pueblo-maya-ixil","status":"publish","type":"agenda-territorial","link":"https:\/\/www.secretariaprivada.gob.gt\/en\/agenda-territorial\/pueblo-maya-ixil\/","title":{"rendered":"Pueblo Maya Ixil"},"content":{"rendered":"<p class=\"eplus-wrapper\">Agenda de Trabajo Conjunto sobre Gobernabilidad Democr\u00e1tica y Desarrollo del Pueblo Maya Ixil, Naab\u2019a\u2019, Tx\u2019aul y K\u2019usal de Nebaj, Quich\u00e9 y el Gobierno de Guatemala<\/p>\n\n\n\n<p class=\"eplus-wrapper\">La agenda incluye:<\/p>\n\n\n\n<p class=\"eplus-wrapper\">Infraestructura, preparaci\u00f3n del proyecto de construcci\u00f3n del hospital en la aldea Salquil Grande y carreteras.<\/p>\n\n\n\n<p class=\"eplus-wrapper\">Tierra y medio ambiente, revisi\u00f3n de operaciones registrales de tierras, administraci\u00f3n del \u00e1rea protegida y evaluaci\u00f3n de autorizaciones de tala y gobernanza de recursos forestales por el INAB.<\/p>\n\n\n\n<p class=\"eplus-wrapper\">Di\u00e1logo para la gobernabilidad, conclusi\u00f3n del proceso de consulta en el caso de transporte de energ\u00eda el\u00e9ctrica, soluci\u00f3n de conflictos sobre recursos naturales en territorios ixiles y reformas participativas para mejorar la gobernanza y desarrollo sostenible.<\/p>\n\n\n\n<p class=\"eplus-wrapper\">Servicios p\u00fablicos, atenci\u00f3n a denuncias de corrupci\u00f3n, fiscalizaci\u00f3n de proyectos de agua y alcantarillado, electrificaci\u00f3n, control de calidad de medicamentos.<\/p>\n\n\n\n<p class=\"eplus-wrapper\">Creaci\u00f3n cultural, crear un espacio de consulta con autoridades ancestrales para proteger la producci\u00f3n art\u00edstica, intelectual, textil y otros productos de la inteligencia maya.<\/p>","protected":false},"featured_media":1147,"parent":0,"menu_order":0,"template":"","meta":{"_acf_changed":true,"editor_plus_copied_stylings":"{}","_links_to":"","_links_to_target":""},"class_list":["post-1144","agenda-territorial","type-agenda-territorial","status-publish","has-post-thumbnail","hentry"],"acf":[],"_links":{"self":[{"href":"https:\/\/www.secretariaprivada.gob.gt\/en\/wp-json\/wp\/v2\/agenda-territorial\/1144","targetHints":{"allow":["GET"]}}],"collection":[{"href":"https:\/\/www.secretariaprivada.gob.gt\/en\/wp-json\/wp\/v2\/agenda-territorial"}],"about":[{"href":"https:\/\/www.secretariaprivada.gob.gt\/en\/wp-json\/wp\/v2\/types\/agenda-territorial"}],"wp:featuredmedia":[{"embeddable":true,"href":"https:\/\/www.secretariaprivada.gob.gt\/en\/wp-json\/wp\/v2\/media\/1147"}],"wp:attachment":[{"href":"https:\/\/www.secretariaprivada.gob.gt\/en\/wp-json\/wp\/v2\/media?parent=1144"}],"curies":[{"name":"wp","href":"https:\/\/api.w.org\/{rel}","templated":true}]}}

<p class="eplus-wrapper">Agenda de Trabajo Conjunto sobre Gobernabilidad Democrática y Desarrollo del Pueblo Maya Ixil, Naab’a’, Tx’aul y K’usal de Nebaj, Quiché y el Gobierno de Guatemala</p>



<p class="eplus-wrapper">La agenda incluye:</p>



<p class="eplus-wrapper">Infraestructura, preparación del proyecto de construcción del hospital en la aldea Salquil Grande y carreteras.</p>



<p class="eplus-wrapper">Tierra y medio ambiente, revisión de operaciones registrales de tierras, administración del área protegida y evaluación de autorizaciones de tala y gobernanza de recursos forestales por el INAB.</p>



<p class="eplus-wrapper">Diálogo para la gobernabilidad, conclusión del proceso de consulta en el caso de transporte de energía eléctrica, solución de conflictos sobre recursos naturales en territorios ixiles y reformas participativas para mejorar la gobernanza y desarrollo sostenible.</p>



<p class="eplus-wrapper">Servicios públicos, atención a denuncias de corrupción, fiscalización de proyectos de agua y alcantarillado, electrificación, control de calidad de medicamentos.</p>



<p class="eplus-wrapper">Creación cultural, crear un espacio de consulta con autoridades ancestrales para proteger la producción artística, intelectual, textil y otros productos de la inteligencia maya.</p>
