{"id":1154,"date":"2026-04-07T15:52:56","date_gmt":"2026-04-07T15:52:56","guid":{"rendered":"https:\/\/www.secretariaprivada.gob.gt\/?post_type=agenda-territorial&#038;p=1154"},"modified":"2026-04-07T15:52:56","modified_gmt":"2026-04-07T15:52:56","slug":"alcaldia-indigena-de-sacapulas-tujaal","status":"publish","type":"agenda-territorial","link":"https:\/\/www.secretariaprivada.gob.gt\/en\/agenda-territorial\/alcaldia-indigena-de-sacapulas-tujaal\/","title":{"rendered":"Alcald\u00eda Ind\u00edgena de Sacapulas (Tujaal)"},"content":{"rendered":"<p class=\"eplus-wrapper\">Agenda de Trabajo Conjunto para el Desarrollo Integral del pueblo <strong>Tujaal de Sacapulas, Quich\u00e9 y<\/strong> el Gobierno de Guatemala<\/p>\n\n\n\n<p class=\"eplus-wrapper\"><strong>Reactivaci\u00f3n econ\u00f3mica e infraestructura comunitaria<\/strong>: Proyectos comunitarios que respalden el desarrollo autosostenible y la infraestructura local como carreteras, puentes y otros.<\/p>\n\n\n\n<p class=\"eplus-wrapper\"><strong>Derecho de los pueblos ind\u00edgenas<\/strong>: Proyecto de Salvaguarda del Pueblo y Cultura Tujaal (Sakapulteko), an\u00e1lisis registral para evaluar la&nbsp; viabilidad de la recuperaci\u00f3n de tierras ancestrales y opciones para la electrificaci\u00f3n de las comunidades que a\u00fan no tienen acceso a energ\u00eda electrificaci\u00f3n.<\/p>\n\n\n\n<p class=\"eplus-wrapper\"><strong>Fortalecimiento del sistema de salud comunitario<\/strong>: Reconocimiento econ\u00f3mico del trabajo que prestan las comadronas y valorar las pr\u00e1cticas ancestrales (medicina natural).<\/p>\n\n\n\n<p class=\"eplus-wrapper\"><strong>Mejora y adecuaci\u00f3n de infraestructura educativa<\/strong>: Promover la educaci\u00f3n biling\u00fce, elaborar textos y materiales en idioma tujaal, equipar de tecnolog\u00eda y acercar la oferta de becas.<\/p>","protected":false},"featured_media":1156,"parent":0,"menu_order":0,"template":"","meta":{"_acf_changed":true,"editor_plus_copied_stylings":"{}","_links_to":"","_links_to_target":""},"class_list":["post-1154","agenda-territorial","type-agenda-territorial","status-publish","has-post-thumbnail","hentry"],"acf":[],"_links":{"self":[{"href":"https:\/\/www.secretariaprivada.gob.gt\/en\/wp-json\/wp\/v2\/agenda-territorial\/1154","targetHints":{"allow":["GET"]}}],"collection":[{"href":"https:\/\/www.secretariaprivada.gob.gt\/en\/wp-json\/wp\/v2\/agenda-territorial"}],"about":[{"href":"https:\/\/www.secretariaprivada.gob.gt\/en\/wp-json\/wp\/v2\/types\/agenda-territorial"}],"wp:featuredmedia":[{"embeddable":true,"href":"https:\/\/www.secretariaprivada.gob.gt\/en\/wp-json\/wp\/v2\/media\/1156"}],"wp:attachment":[{"href":"https:\/\/www.secretariaprivada.gob.gt\/en\/wp-json\/wp\/v2\/media?parent=1154"}],"curies":[{"name":"wp","href":"https:\/\/api.w.org\/{rel}","templated":true}]}}

Alcaldía Indígena de Sacapulas (Tujaal)

<p class="eplus-wrapper">Agenda de Trabajo Conjunto para el Desarrollo Integral del pueblo <strong>Tujaal de Sacapulas, Quiché y</strong> el Gobierno de Guatemala</p>



<p class="eplus-wrapper"><strong>Reactivación económica e infraestructura comunitaria</strong>: Proyectos comunitarios que respalden el desarrollo autosostenible y la infraestructura local como carreteras, puentes y otros.</p>



<p class="eplus-wrapper"><strong>Derecho de los pueblos indígenas</strong>: Proyecto de Salvaguarda del Pueblo y Cultura Tujaal (Sakapulteko), análisis registral para evaluar la&nbsp; viabilidad de la recuperación de tierras ancestrales y opciones para la electrificación de las comunidades que aún no tienen acceso a energía electrificación.</p>



<p class="eplus-wrapper"><strong>Fortalecimiento del sistema de salud comunitario</strong>: Reconocimiento económico del trabajo que prestan las comadronas y valorar las prácticas ancestrales (medicina natural).</p>



<p class="eplus-wrapper"><strong>Mejora y adecuación de infraestructura educativa</strong>: Promover la educación bilingüe, elaborar textos y materiales en idioma tujaal, equipar de tecnología y acercar la oferta de becas.</p>
