{"id":1178,"date":"2026-04-07T16:05:55","date_gmt":"2026-04-07T16:05:55","guid":{"rendered":"https:\/\/www.secretariaprivada.gob.gt\/?post_type=agenda-territorial&#038;p=1178"},"modified":"2026-04-07T16:05:58","modified_gmt":"2026-04-07T16:05:58","slug":"pueblo-de-santiago-sacatepequez","status":"publish","type":"agenda-territorial","link":"https:\/\/www.secretariaprivada.gob.gt\/en\/agenda-territorial\/pueblo-de-santiago-sacatepequez\/","title":{"rendered":"Pueblo de Santiago Sacatep\u00e9quez"},"content":{"rendered":"<p class=\"eplus-wrapper\">Agenda de trabajo conjunto entre el Consejo de Autoridades Ancestrales y Custodios del T\u00edtulo del Pueblo de Santiago Sacatep\u00e9quez y el Gobierno de Guatemala<\/p>\n\n\n\n<p class=\"eplus-wrapper\">La agenda incluye:<\/p>\n\n\n\n<p class=\"eplus-wrapper\"><strong>Medioambiente y recursos naturales:<\/strong><\/p>\n\n\n\n<p class=\"eplus-wrapper\">\u2022 Asesoramiento de tratamiento de aguas residuales para evitar contaminaci\u00f3n de r\u00edos.<br>\u2022 Capacitaci\u00f3n en manejo de desechos y conservaci\u00f3n del agua.<br>\u2022 Reforestaci\u00f3n con especies nativas y monitoreo del uso forestal.<\/p>\n\n\n\n<p class=\"eplus-wrapper\"><strong>Econom\u00eda comunitaria y agricultura:<\/strong><\/p>\n\n\n\n<p class=\"eplus-wrapper\">\u2022 Capacitaci\u00f3n a peque\u00f1os productores en tecnolog\u00edas agr\u00edcolas.<br>\u2022 Entrega de insumos para fortalecer la agricultura familiar y huertos comunitarios.<\/p>\n\n\n\n<p class=\"eplus-wrapper\"><strong>Infraestructura y seguridad:<\/strong><\/p>\n\n\n\n<p class=\"eplus-wrapper\">\u2022 Se\u00f1alizaci\u00f3n de la Ruta Interamericana (km 35.8) para prevenir accidentes.<br>\u2022 Estudios para construir un paso a desnivel.<br>\u2022 Refuerzo de operativos de seguridad en zonas cr\u00edticas del municipio.<\/p>\n\n\n\n<p class=\"eplus-wrapper\"><strong>Educaci\u00f3n:<\/strong><\/p>\n\n\n\n<p class=\"eplus-wrapper\">\u2022 Revisi\u00f3n del Curriculum Nacional Base con enfoque intercultural.<br>\u2022 Diagn\u00f3stico para el remozamiento de escuelas p\u00fablicas.<\/p>\n\n\n\n<p class=\"eplus-wrapper\"><strong>Salud:<\/strong><\/p>\n\n\n\n<p class=\"eplus-wrapper\">\u2022 Diagn\u00f3stico para mejorar el servicio del centro de salud (m\u00e1s horarios, revisar uso de medicamentos).<br>\u2022 Abastecimiento regular de medicinas.<\/p>","protected":false},"featured_media":1182,"parent":0,"menu_order":0,"template":"","meta":{"_acf_changed":true,"editor_plus_copied_stylings":"{}","_links_to":"","_links_to_target":""},"class_list":["post-1178","agenda-territorial","type-agenda-territorial","status-publish","has-post-thumbnail","hentry"],"acf":[],"_links":{"self":[{"href":"https:\/\/www.secretariaprivada.gob.gt\/en\/wp-json\/wp\/v2\/agenda-territorial\/1178","targetHints":{"allow":["GET"]}}],"collection":[{"href":"https:\/\/www.secretariaprivada.gob.gt\/en\/wp-json\/wp\/v2\/agenda-territorial"}],"about":[{"href":"https:\/\/www.secretariaprivada.gob.gt\/en\/wp-json\/wp\/v2\/types\/agenda-territorial"}],"wp:featuredmedia":[{"embeddable":true,"href":"https:\/\/www.secretariaprivada.gob.gt\/en\/wp-json\/wp\/v2\/media\/1182"}],"wp:attachment":[{"href":"https:\/\/www.secretariaprivada.gob.gt\/en\/wp-json\/wp\/v2\/media?parent=1178"}],"curies":[{"name":"wp","href":"https:\/\/api.w.org\/{rel}","templated":true}]}}

Pueblo de Santiago Sacatepéquez

<p class="eplus-wrapper">Agenda de trabajo conjunto entre el Consejo de Autoridades Ancestrales y Custodios del Título del Pueblo de Santiago Sacatepéquez y el Gobierno de Guatemala</p>



<p class="eplus-wrapper">La agenda incluye:</p>



<p class="eplus-wrapper"><strong>Medioambiente y recursos naturales:</strong></p>



<p class="eplus-wrapper">• Asesoramiento de tratamiento de aguas residuales para evitar contaminación de ríos.<br>• Capacitación en manejo de desechos y conservación del agua.<br>• Reforestación con especies nativas y monitoreo del uso forestal.</p>



<p class="eplus-wrapper"><strong>Economía comunitaria y agricultura:</strong></p>



<p class="eplus-wrapper">• Capacitación a pequeños productores en tecnologías agrícolas.<br>• Entrega de insumos para fortalecer la agricultura familiar y huertos comunitarios.</p>



<p class="eplus-wrapper"><strong>Infraestructura y seguridad:</strong></p>



<p class="eplus-wrapper">• Señalización de la Ruta Interamericana (km 35.8) para prevenir accidentes.<br>• Estudios para construir un paso a desnivel.<br>• Refuerzo de operativos de seguridad en zonas críticas del municipio.</p>



<p class="eplus-wrapper"><strong>Educación:</strong></p>



<p class="eplus-wrapper">• Revisión del Curriculum Nacional Base con enfoque intercultural.<br>• Diagnóstico para el remozamiento de escuelas públicas.</p>



<p class="eplus-wrapper"><strong>Salud:</strong></p>



<p class="eplus-wrapper">• Diagnóstico para mejorar el servicio del centro de salud (más horarios, revisar uso de medicamentos).<br>• Abastecimiento regular de medicinas.</p>
