{"id":1188,"date":"2026-04-07T16:10:50","date_gmt":"2026-04-07T16:10:50","guid":{"rendered":"https:\/\/www.secretariaprivada.gob.gt\/?post_type=agenda-territorial&#038;p=1188"},"modified":"2026-04-07T16:10:50","modified_gmt":"2026-04-07T16:10:50","slug":"organizaciones-de-san-cristobal-totonicapan","status":"publish","type":"agenda-territorial","link":"https:\/\/www.secretariaprivada.gob.gt\/en\/agenda-territorial\/organizaciones-de-san-cristobal-totonicapan\/","title":{"rendered":"Organizaciones de San Crist\u00f3bal Totonicap\u00e1n"},"content":{"rendered":"<p class=\"eplus-wrapper\">La agenda incluye:<\/p>\n\n\n\n<p class=\"eplus-wrapper\">\u2022 Educaci\u00f3n: Reformar y contextualizar el Curr\u00edculo Nacional Base y textos escolares para garantizar su pertinencia cultural. Socializar becas y oportunidades acad\u00e9micas para j\u00f3venes. Equipar tecnol\u00f3gicamente centros educativos y remozar escuelas p\u00fablicas.<\/p>\n\n\n\n<p class=\"eplus-wrapper\">\u2022 Salud Integral: Equipar y contratar personal para el CAES. Fortalecer la salud primaria y promover la medicina ancestral\/alternativa.<\/p>\n\n\n\n<p class=\"eplus-wrapper\">\u2022 Seguridad Ciudadana: Dise\u00f1ar e implementar programas de prevenci\u00f3n y reducci\u00f3n de violencia con pertinencia cultural.<\/p>\n\n\n\n<p class=\"eplus-wrapper\">\u2022 Econom\u00eda y Agricultura: Impulsar biof\u00e1bricas, turismo comunitario y protecci\u00f3n de textiles tradicionales. Capacitar en asociatividad, cadenas de valor y comercializaci\u00f3n. Fortalecer entrega de fertilizantes y asistencia t\u00e9cnica agr\u00edcola para mejorar sistemas agroalimentarios.<\/p>\n\n\n\n<p class=\"eplus-wrapper\">\u2022 Medio Ambiente: Educaci\u00f3n y acciones para manejo de desechos, aguas servidas y protecci\u00f3n del R\u00edo Samal\u00e1. Asesor\u00eda en tecnolog\u00edas de gesti\u00f3n de residuos. Reforestaci\u00f3n, gobernanza y conservaci\u00f3n de bosques y bienes naturales.<\/p>\n\n\n\n<p class=\"eplus-wrapper\">\u2022 Infraestructura; Gobernanza, Di\u00e1logo, Consenso y Acuerdo: Dotar adoquines y coordinar supervisiones para proyectos viales e infraestructura. Cumplir compromisos comunitarios, fortalecer rendici\u00f3n de cuentas y lucha anticorrupci\u00f3n. Consolidar mesas de di\u00e1logo con instituciones del Estado y el Presidente para soluciones interinstitucionales.<\/p>","protected":false},"featured_media":1192,"parent":0,"menu_order":0,"template":"","meta":{"_acf_changed":true,"editor_plus_copied_stylings":"{}","_links_to":"","_links_to_target":""},"class_list":["post-1188","agenda-territorial","type-agenda-territorial","status-publish","has-post-thumbnail","hentry"],"acf":[],"_links":{"self":[{"href":"https:\/\/www.secretariaprivada.gob.gt\/en\/wp-json\/wp\/v2\/agenda-territorial\/1188","targetHints":{"allow":["GET"]}}],"collection":[{"href":"https:\/\/www.secretariaprivada.gob.gt\/en\/wp-json\/wp\/v2\/agenda-territorial"}],"about":[{"href":"https:\/\/www.secretariaprivada.gob.gt\/en\/wp-json\/wp\/v2\/types\/agenda-territorial"}],"wp:featuredmedia":[{"embeddable":true,"href":"https:\/\/www.secretariaprivada.gob.gt\/en\/wp-json\/wp\/v2\/media\/1192"}],"wp:attachment":[{"href":"https:\/\/www.secretariaprivada.gob.gt\/en\/wp-json\/wp\/v2\/media?parent=1188"}],"curies":[{"name":"wp","href":"https:\/\/api.w.org\/{rel}","templated":true}]}}

Organizaciones de San Cristóbal Totonicapán

<p class="eplus-wrapper">La agenda incluye:</p>



<p class="eplus-wrapper">• Educación: Reformar y contextualizar el Currículo Nacional Base y textos escolares para garantizar su pertinencia cultural. Socializar becas y oportunidades académicas para jóvenes. Equipar tecnológicamente centros educativos y remozar escuelas públicas.</p>



<p class="eplus-wrapper">• Salud Integral: Equipar y contratar personal para el CAES. Fortalecer la salud primaria y promover la medicina ancestral/alternativa.</p>



<p class="eplus-wrapper">• Seguridad Ciudadana: Diseñar e implementar programas de prevención y reducción de violencia con pertinencia cultural.</p>



<p class="eplus-wrapper">• Economía y Agricultura: Impulsar biofábricas, turismo comunitario y protección de textiles tradicionales. Capacitar en asociatividad, cadenas de valor y comercialización. Fortalecer entrega de fertilizantes y asistencia técnica agrícola para mejorar sistemas agroalimentarios.</p>



<p class="eplus-wrapper">• Medio Ambiente: Educación y acciones para manejo de desechos, aguas servidas y protección del Río Samalá. Asesoría en tecnologías de gestión de residuos. Reforestación, gobernanza y conservación de bosques y bienes naturales.</p>



<p class="eplus-wrapper">• Infraestructura; Gobernanza, Diálogo, Consenso y Acuerdo: Dotar adoquines y coordinar supervisiones para proyectos viales e infraestructura. Cumplir compromisos comunitarios, fortalecer rendición de cuentas y lucha anticorrupción. Consolidar mesas de diálogo con instituciones del Estado y el Presidente para soluciones interinstitucionales.</p>
