{"id":1193,"date":"2026-04-07T16:13:56","date_gmt":"2026-04-07T16:13:56","guid":{"rendered":"https:\/\/www.secretariaprivada.gob.gt\/?post_type=agenda-territorial&#038;p=1193"},"modified":"2026-04-07T16:13:57","modified_gmt":"2026-04-07T16:13:57","slug":"pueblo-mam-en-cabrican","status":"publish","type":"agenda-territorial","link":"https:\/\/www.secretariaprivada.gob.gt\/en\/agenda-territorial\/pueblo-mam-en-cabrican\/","title":{"rendered":"Pueblo Mam en Cabric\u00e1n"},"content":{"rendered":"<p class=\"eplus-wrapper\">Agenda de desarrollo entre la Articulaci\u00f3n del Pueblo Mam de Quetzaltenango y el Gobierno de la Rep\u00fablica de Guatemala<\/p>\n\n\n\n<p class=\"eplus-wrapper\">1. Salud<\/p>\n\n\n<ul class=\"wp-block-list eplus-wrapper eplus-styles-uid-88fd5e\">\n<li class=\"eplus-wrapper\">Fortalecer los servicios de salud mediante la ampliaci\u00f3n de centros de atenci\u00f3n primaria. Dotar de personal m\u00e9dico biling\u00fce y medicamentos.<\/li>\n\n\n\n<li class=\"eplus-wrapper\">Implementar programas de salud con enfoque intercultural, respetando la medicina tradicional Mam.<\/li>\n\n\n\n<li class=\"eplus-wrapper\">Formar y contratar personal de salud Mamhablante.<\/li>\n\n\n\n<li class=\"eplus-wrapper\">Recategorizar los servicios de salud.<\/li>\n\n\n\n<li class=\"eplus-wrapper\">Desarrollo de campa\u00f1as de prevenci\u00f3n en nutrici\u00f3n, salud materno-infantil y enfermedades end\u00e9micas.<\/li>\n<\/ul>\n\n\n<p class=\"eplus-wrapper\">2. Educaci\u00f3n<\/p>\n\n\n<ul class=\"wp-block-list eplus-wrapper eplus-styles-uid-42bacb\">\n<li class=\"eplus-wrapper\">Continuar con el remozamiento de centros educativos.<\/li>\n\n\n\n<li class=\"eplus-wrapper\">Ampliar la cobertura de educaci\u00f3n media (b\u00e1sico y diversificado).<\/li>\n\n\n\n<li class=\"eplus-wrapper\">Gestionar la construcci\u00f3n de un Instituto Tecnol\u00f3gico en un municipio estrat\u00e9gico.<\/li>\n\n\n\n<li class=\"eplus-wrapper\">Fortalecer la educaci\u00f3n biling\u00fce e intercultural en todos los niveles.<\/li>\n\n\n\n<li class=\"eplus-wrapper\">Capacitar a los docentes en metodolog\u00eda de ense\u00f1anza con pertinencia ling\u00fc\u00edstica y cultural.<\/li>\n<\/ul>\n\n\n<p class=\"eplus-wrapper\">3. Infraestructura<\/p>\n\n\n<ul class=\"wp-block-list eplus-wrapper eplus-styles-uid-7ae83c\">\n<li class=\"eplus-wrapper\">Dotar de 350,000 adoquines para el mejoramiento de caminos rurales.<\/li>\n\n\n\n<li class=\"eplus-wrapper\">Realizar supervisi\u00f3n y visitas de campo conjuntas (Ministerio de Comunicaciones y Pueblo Mam) para analizar la viabilidad de proyectos.<\/li>\n<\/ul>\n\n\n<p class=\"eplus-wrapper\">4. Econom\u00eda<\/p>\n\n\n<ul class=\"wp-block-list eplus-wrapper eplus-styles-uid-a061f3\">\n<li class=\"eplus-wrapper\">Ofrecer asesor\u00eda, capacitaciones y asistencia t\u00e9cnica para apoyar y hacer m\u00e1s competitivas a las MIPYMES y emprendimientos.<\/li>\n<\/ul>\n\n\n<p class=\"eplus-wrapper\">5. Medio Ambiente<\/p>\n\n\n<ul class=\"wp-block-list eplus-wrapper eplus-styles-uid-65b382\">\n<li class=\"eplus-wrapper\">Implementar programas de reforestaci\u00f3n y manejo sostenible de cuencas hidrogr\u00e1ficas, enfoc\u00e1ndose en las Cuencas Samal\u00e1, Ocosito y Naranjo.<\/li>\n\n\n\n<li class=\"eplus-wrapper\">Fortalecer la educaci\u00f3n ambiental comunitaria para el manejo responsable de desechos s\u00f3lidos.<\/li>\n<\/ul>\n\n\n<p class=\"eplus-wrapper\">6. Agricultura<\/p>\n\n\n<ul class=\"wp-block-list eplus-wrapper eplus-styles-uid-c5259d\">\n<li class=\"eplus-wrapper\">Impulsar programas de asistencia t\u00e9cnica para peque\u00f1os productores.<\/li>\n\n\n\n<li class=\"eplus-wrapper\">Promover pr\u00e1cticas agr\u00edcolas sostenibles.<\/li>\n\n\n\n<li class=\"eplus-wrapper\">Establecer mercados locales y ferias comunitarias para la comercializaci\u00f3n de productos.<\/li>\n<\/ul>\n\n\n<p class=\"eplus-wrapper\">Dotar de insumos y herramientas agr\u00edcolas a la poblaci\u00f3n priorizada.<\/p>\n\n\n\n<p class=\"eplus-wrapper\"><\/p>","protected":false},"featured_media":1196,"parent":0,"menu_order":0,"template":"","meta":{"_acf_changed":true,"editor_plus_copied_stylings":"{}","_links_to":"","_links_to_target":""},"class_list":["post-1193","agenda-territorial","type-agenda-territorial","status-publish","has-post-thumbnail","hentry"],"acf":[],"_links":{"self":[{"href":"https:\/\/www.secretariaprivada.gob.gt\/en\/wp-json\/wp\/v2\/agenda-territorial\/1193","targetHints":{"allow":["GET"]}}],"collection":[{"href":"https:\/\/www.secretariaprivada.gob.gt\/en\/wp-json\/wp\/v2\/agenda-territorial"}],"about":[{"href":"https:\/\/www.secretariaprivada.gob.gt\/en\/wp-json\/wp\/v2\/types\/agenda-territorial"}],"wp:featuredmedia":[{"embeddable":true,"href":"https:\/\/www.secretariaprivada.gob.gt\/en\/wp-json\/wp\/v2\/media\/1196"}],"wp:attachment":[{"href":"https:\/\/www.secretariaprivada.gob.gt\/en\/wp-json\/wp\/v2\/media?parent=1193"}],"curies":[{"name":"wp","href":"https:\/\/api.w.org\/{rel}","templated":true}]}}

Pueblo Mam en Cabricán

<p class="eplus-wrapper">Agenda de desarrollo entre la Articulación del Pueblo Mam de Quetzaltenango y el Gobierno de la República de Guatemala</p>



<p class="eplus-wrapper">1. Salud</p>


<ul class="wp-block-list eplus-wrapper eplus-styles-uid-88fd5e">
<li class="eplus-wrapper">Fortalecer los servicios de salud mediante la ampliación de centros de atención primaria. Dotar de personal médico bilingüe y medicamentos.</li>



<li class="eplus-wrapper">Implementar programas de salud con enfoque intercultural, respetando la medicina tradicional Mam.</li>



<li class="eplus-wrapper">Formar y contratar personal de salud Mamhablante.</li>



<li class="eplus-wrapper">Recategorizar los servicios de salud.</li>



<li class="eplus-wrapper">Desarrollo de campañas de prevención en nutrición, salud materno-infantil y enfermedades endémicas.</li>
</ul>


<p class="eplus-wrapper">2. Educación</p>


<ul class="wp-block-list eplus-wrapper eplus-styles-uid-42bacb">
<li class="eplus-wrapper">Continuar con el remozamiento de centros educativos.</li>



<li class="eplus-wrapper">Ampliar la cobertura de educación media (básico y diversificado).</li>



<li class="eplus-wrapper">Gestionar la construcción de un Instituto Tecnológico en un municipio estratégico.</li>



<li class="eplus-wrapper">Fortalecer la educación bilingüe e intercultural en todos los niveles.</li>



<li class="eplus-wrapper">Capacitar a los docentes en metodología de enseñanza con pertinencia lingüística y cultural.</li>
</ul>


<p class="eplus-wrapper">3. Infraestructura</p>


<ul class="wp-block-list eplus-wrapper eplus-styles-uid-7ae83c">
<li class="eplus-wrapper">Dotar de 350,000 adoquines para el mejoramiento de caminos rurales.</li>



<li class="eplus-wrapper">Realizar supervisión y visitas de campo conjuntas (Ministerio de Comunicaciones y Pueblo Mam) para analizar la viabilidad de proyectos.</li>
</ul>


<p class="eplus-wrapper">4. Economía</p>


<ul class="wp-block-list eplus-wrapper eplus-styles-uid-a061f3">
<li class="eplus-wrapper">Ofrecer asesoría, capacitaciones y asistencia técnica para apoyar y hacer más competitivas a las MIPYMES y emprendimientos.</li>
</ul>


<p class="eplus-wrapper">5. Medio Ambiente</p>


<ul class="wp-block-list eplus-wrapper eplus-styles-uid-65b382">
<li class="eplus-wrapper">Implementar programas de reforestación y manejo sostenible de cuencas hidrográficas, enfocándose en las Cuencas Samalá, Ocosito y Naranjo.</li>



<li class="eplus-wrapper">Fortalecer la educación ambiental comunitaria para el manejo responsable de desechos sólidos.</li>
</ul>


<p class="eplus-wrapper">6. Agricultura</p>


<ul class="wp-block-list eplus-wrapper eplus-styles-uid-c5259d">
<li class="eplus-wrapper">Impulsar programas de asistencia técnica para pequeños productores.</li>



<li class="eplus-wrapper">Promover prácticas agrícolas sostenibles.</li>



<li class="eplus-wrapper">Establecer mercados locales y ferias comunitarias para la comercialización de productos.</li>
</ul>


<p class="eplus-wrapper">Dotar de insumos y herramientas agrícolas a la población priorizada.</p>



<p class="eplus-wrapper"></p>
